 6659 + 6859. Suppose -2662*z + 2665*z = t. What is the tens digit of z?
5
Suppose 5*f = -s + 1602 + 19677, 0 = -5*s - 4*f + 106395. What is the thousands digit of s?
1
Suppose -29*g + 380 + 14990 = 0. Let y = 1588 - g. What is the hundreds digit of y?
0
Let i(a) = 9*a**3 + 13*a**2 - 15*a - 29. What is the ten thousands digit of i(12)?
1
Let a = 454 - 455. Let b(s) = 864*s**2 - 4*s - 2. What is the units digit of b(a)?
6
Suppose -g + 81315 = 5*g + 3*g. What is the hundreds digit of g?
0
Suppose -4*l - 8 = 0, -4*l = -5*n + n + 48. Let v(o) = 69*o**2 + o. Let p be v(-1). Suppose -n*a = -12*a + p. What is the units digit of a?
4
Let t = 882 - 943. Suppose 244 = 3*l - 77. Let n = t + l. What is the units digit of n?
6
Let d(r) = -4*r + 19. Let l(m) = -7*m + 38. Let c(o) = -5*d(o) + 2*l(o). Let n(a) = 3*a**2 - 7*a - 6. Let x be n(4). What is the units digit of c(x)?
5
Let d(w) = w**3 - 19*w + 21. Let h be d(4). Suppose h*y = 6*y + 2760. What is the hundreds digit of y?
9
Let k(x) = -36*x - 148. Let p(z) = -3*z**3 + 5*z - 1. Let j be p(2). What is the units digit of k(j)?
2
Let k(y) = y**3 - 11*y**2 + 14*y + 19. Let m be k(9). What is the units digit of (-18 - m)*(-329)/1?
9
Let o(m) = 5663*m + 3536. What is the ten thousands digit of o(5)?
3
Let k = 293 - 265. What is the units digit of ((-2135)/k)/(3/(-12))?
5
Let m be ((-6)/4)/(4/(-40)). Suppose -4*g - 33 = -m*g. Suppose g*v = 3*f - 2*v - 280, -2*f = -v - 196. What is the tens digit of f?
0
Suppose -5*c - 18317 - 759 = -4*h, 0 = -3*c + 12. Suppose h = -7*d + 18*d. What is the tens digit of d?
3
Suppose 0 = -92*v + 1295607 + 2581825. What is the tens digit of v?
4
Let f(g) = g + 5. Let x be f(-1). Let n be 152/20 - x/(-10). Suppose 6*j + 54 = n*j. What is the units digit of j?
7
Let i(v) = 105*v**3 - 5*v**2 + 71*v - 166. What is the thousands digit of i(4)?
6
What is the tens digit of 24/(-1) - 546518/(-14)?
1
Let x(f) = 0*f**3 - 16*f - 3*f**2 - 11*f**2 + 18 - 2*f**3. What is the tens digit of x(-8)?
7
Let r(s) = -s**3 - 7*s**2 + 2*s + 10. Let g be r(-8). Let k = 322 - g. What is the tens digit of k?
6
Suppose -4*z = d + 2*d + 1246, -z - 4*d = 318. Let i = 1844 + z. What is the hundreds digit of i?
5
Suppose 4*g - 4*s = 159840, 13*g = 11*g - 5*s + 79934. What is the thousands digit of g?
9
Suppose 4*z - 3165 = l, 0 = -z - 0*z - 3*l + 801. Let i be (z - (0 - -1)) + 3. Suppose 294 = -5*o + i. What is the units digit of o?
0
Let a = 22322 + -7820. What is the ten thousands digit of a?
1
Let v be 9 + (-225)/(-5)*11. Let o = v + -144. What is the hundreds digit of o?
3
Suppose -72*q = -5*q + 86*q - 4435929. What is the tens digit of q?
9
Suppose -3*y = -y - 2*q - 14, 3*y - 4*q = 26. Let l be 6 - (4 + (-7 - 3)). Suppose l = -y*c + 56. What is the tens digit of c?
2
Let n(z) = z**3 + 4*z**2 + 15*z + 12. Let h be n(9). Suppose -h = -6*x + 2*x. Suppose 19*g - x = 15*g. What is the tens digit of g?
7
Let r = -187 - -220. Suppose r*f + 3472 = 41*f. What is the tens digit of f?
3
Suppose -13*x + 15*x = 10. Suppose -x*p + 1094 = -6306. What is the tens digit of p?
8
Let v(w) = w**2 - 20*w + 47. Let o be v(4). Let n(l) = l**3 + 19*l**2 - 3*l - 20. What is the tens digit of n(o)?
0
Suppose 42*r - 49*r = 56, 15145 = c - 3*r. What is the thousands digit of c?
5
Suppose 0 = -10*s + 45 + 165. Suppose s*z - 14*z - 1435 = 0. What is the tens digit of z?
0
Let o be (4*2/(-14))/((-8)/28). Let f(k) = 244*k - 4. What is the hundreds digit of f(o)?
4
Let h = -10537 + 19990. What is the thousands digit of h?
9
Suppose -4*y + 4*g + 1744 = 0, -g - g = -8. Let x = y + -139. What is the hundreds digit of x?
3
Suppose 25*r - 74840 = 83985. What is the hundreds digit of r?
3
Let s(x) = -127*x + 132. What is the hundreds digit of s(-49)?
3
Let t(r) = -2*r**3 + 129*r**2 - 31*r + 809. What is the hundreds digit of t(62)?
1
Suppose 81 = 6*u - 9. Suppose -90 = -u*o + 6*o. Let y = 93 - o. What is the units digit of y?
3
Let a = 2689 - 299. What is the units digit of a?
0
Let u(l) = -21*l**2 - 48*l**3 + 4*l**2 + 5*l + 2 + 18*l**2. What is the tens digit of u(-2)?
8
Suppose -4*i - 12 - 4 = 0. Let f = i - -7. Suppose 82 = d + 2*p, 0*p + f*p = 5*d - 475. What is the units digit of d?
2
Let g = -34 + 38. Suppose -4*q + 20 = -2*o - 20, 0 = 2*o - g. Let b = q + 33. What is the units digit of b?
4
Let h(b) = 30*b**2 - 32*b**2 - 34*b**3 + 7*b + 1 + 10 - 7*b**3. Let c be h(-3). Suppose -4*x + 503 + 345 = 3*v, v = 5*x - c. What is the hundreds digit of x?
2
Let u be 3 - 5/(-5*3)*-3. Suppose 5*y - 447 = u*y. What is the units digit of y?
9
Suppose 8572 = 634*k - 632*k. What is the thousands digit of k?
4
Let j(i) = i**3 + i**2 + 3*i + 9008. Let b be j(0). Suppose 0 = 3*l - b + 1148. What is the tens digit of 2/(-12) + l/24?
0
Let h = 4030 - 1666. What is the hundreds digit of h?
3
Suppose 3529 = 8*j - 4999. Let f = 1725 - j. What is the tens digit of f?
5
What is the tens digit of ((-3)/(-12))/(-13 + 3151053/242388)?
3
Let b = -101 - -121. What is the hundreds digit of (b/30)/((-4)/(-786))?
1
Suppose 0 = 3*m - 258 - 300. Let a(l) = -8*l + l**3 - 2*l**2 + 0*l**2 + m - 176. What is the units digit of a(5)?
5
Suppose -k + 0*k - 5 = -2*y, 3*k - 7 = -5*y. Suppose 3*s + 28 = 7*h - 3*h, 3*s - y*h + 20 = 0. What is the tens digit of 4/8 - 154/s?
3
Let q be ((-42)/(-15))/((-2)/(-40)*4). Suppose 9*o - q*o + 1525 = 0. What is the units digit of o?
5
Let d(b) = b**3 + 10*b**2 + 18*b + 5. Let r be d(-6). Suppose -r = j - 294. What is the tens digit of j?
5
Let z = -12401 + 22963. What is the tens digit of z?
6
Let j(g) = -g**3 - g**2 + 3*g. Suppose -4*k + 2*k - 4*b + 14 = 0, 5*b - 19 = -2*k. Let c be j(k). What is the units digit of 0 + 1 - (c - 269)?
1
Let b(j) = j**3 - 8*j**2 + 14*j - 12. Let x be b(6). Suppose x = 9*w - 7*w + 4*g - 928, w - 488 = 4*g. What is the units digit of w?
2
Let f(l) = -l**3 + 26*l**2 - 31*l + 150. Let b be f(25). Let g = 9 + -5. Suppose b = -2*d + 4*m + 186, -6*d + 285 = -3*d - g*m. What is the units digit of d?
9
Let r = 589 - 227. Let y = r - 172. Suppose -24 = -2*c + y. What is the units digit of c?
7
Let a = 61 - 27. Let c be -1 + 2 + a + 4. Let d = c + 8. What is the tens digit of d?
4
Let x be (3933/(-19))/(2/(-10)). Let i = x - 522. What is the units digit of i?
3
Let a be -4 + 7 - 7943/(-13). Suppose x = -28*b + 25*b + 622, -a = -x - 5*b. What is the units digit of x?
4
Suppose 2*f = -3*j - 121, f + 70 = -4*j - 93. Let p = -39 - j. Suppose 3*v = 5*l + 25, -p*l - 2 = -l. What is the units digit of v?
5
Suppose 8 = 4*b, -3*k + 5*b - 3*b = 892. Let g = -52 - k. What is the tens digit of g?
4
Let v(b) = -22*b**2 - 5*b - 6. Let r(d) = 31*d + 11 + 66*d**2 - 20*d - 21*d**2. Let m(k) = -4*r(k) - 9*v(k). What is the hundreds digit of m(3)?
1
Let g(u) = -134*u + 362. What is the thousands digit of g(-10)?
1
Let x(v) be the third derivative of -13*v**6/60 - v**5/60 - v**4/8 - v**3/3 + 8*v**2. Let w = 3 - 4. What is the tens digit of x(w)?
2
Let f be (-522)/27 - 2/3. Let q = f - -20. Suppose -2*p + o + 23 = q, 2*p + 0*p = 3*o + 29. What is the units digit of p?
0
Let d(a) = -47*a + 1. Let u be d(-1). Suppose 0 = 3*g - 2*n + 72, -g - g + n - u = 0. Let t = g + 68. What is the units digit of t?
4
Suppose -2*l - 49*l - 99*l = -534450. What is the thousands digit of l?
3
Let r = 8 - 0. Let w(c) = 11*c - 2 + 9 - 20 - 20. What is the units digit of w(r)?
5
Let r(d) = 2*d**2 - 64*d + 2289. What is the thousands digit of r(-91)?
4
Let c(n) = 1960*n**2 - 8*n - 8. Let a be c(-1). Let d = -1060 + a. What is the hundreds digit of d?
9
Let p(h) = 13*h**2 + 65*h - 943. What is the units digit of p(59)?
5
Let l(a) = 7546*a**3 - 21*a + 20. What is the tens digit of l(1)?
4
Let t(h) be the first derivative of -2*h**4 - 7*h**3/3 + h**2/2 + 37. What is the tens digit of t(-3)?
5
Let m(k) = 7*k**2 - 18*k + 6. Let t be ((-96)/(-18) - 7)*-9. What is the hundreds digit of m(t)?
3
Let l = -244 - -594. Suppose p = 3*t + 691, -2388 = -4*p - t + l. What is the units digit of p?
5
Suppose 0 = 862*y - 852*y - 13840. What is the thousands digit of y?
1
Suppose x = 23 + 7. Suppose 5*r - x = -5*a, 5*r + 10 = 2*a + 3*a. Suppose -a*c - t = -555, -7*t + 5*t + 270 = 2*c. What is the tens digit of c?
4
Let j = 10112 - 5502. What is the thousands digit of j?
4
Let b(z